Last updated on 2025-05-14 02:50:20 CEST.
Flavor | Version | Tinstall | Tcheck | Ttotal | Status | Flags |
---|---|---|---|---|---|---|
r-devel-linux-x86_64-debian-clang | 2.1.0 | 25.77 | 26.49 | 52.26 | OK | |
r-devel-linux-x86_64-debian-gcc | 2.1.0 | 22.50 | 21.22 | 43.72 | OK | |
r-devel-linux-x86_64-fedora-clang | 2.1.0 | 82.84 | OK | |||
r-devel-linux-x86_64-fedora-gcc | 2.1.0 | 79.13 | OK | |||
r-devel-windows-x86_64 | 2.1.0 | 28.00 | 49.00 | 77.00 | OK | |
r-patched-linux-x86_64 | 2.1.0 | 25.22 | 25.70 | 50.92 | OK | |
r-release-linux-x86_64 | 2.1.0 | 25.76 | 25.93 | 51.69 | OK | |
r-release-macos-arm64 | 2.1.0 | 39.00 | OK | |||
r-release-macos-x86_64 | 2.1.0 | 57.00 | OK | |||
r-release-windows-x86_64 | 2.1.0 | 26.00 | 52.00 | 78.00 | OK | |
r-oldrel-macos-arm64 | 2.1.0 | 39.00 | NOTE | |||
r-oldrel-macos-x86_64 | 2.1.0 | 41.00 | NOTE | |||
r-oldrel-windows-x86_64 | 2.1.0 | 29.00 | 49.00 | 78.00 | NOTE |
Version: 2.1.0
Check: installed package size
Result: NOTE
installed size is 5.7Mb
sub-directories of 1Mb or more:
R 4.0Mb
data 1.5Mb
Flavors: r-oldrel-macos-arm64, r-oldrel-macos-x86_64, r-oldrel-windows-x86_64