Last updated on 2025-05-14 02:50:21 CEST.
Flavor | Version | Tinstall | Tcheck | Ttotal | Status | Flags |
---|---|---|---|---|---|---|
r-devel-linux-x86_64-debian-clang | 1.2.0 | 6.37 | 69.12 | 75.49 | NOTE | |
r-devel-linux-x86_64-debian-gcc | 1.2.0 | 3.77 | 49.74 | 53.51 | NOTE | |
r-devel-linux-x86_64-fedora-clang | 1.2.0 | 112.82 | OK | |||
r-devel-linux-x86_64-fedora-gcc | 1.2.0 | 127.49 | OK | |||
r-devel-windows-x86_64 | 1.2.0 | 7.00 | 86.00 | 93.00 | OK | |
r-patched-linux-x86_64 | 1.2.0 | 5.96 | 61.92 | 67.88 | OK | |
r-release-linux-x86_64 | 1.2.0 | 6.04 | 61.67 | 67.71 | OK | |
r-release-macos-arm64 | 1.2.0 | 48.00 | OK | |||
r-release-macos-x86_64 | 1.2.0 | 78.00 | OK | |||
r-release-windows-x86_64 | 1.2.0 | 8.00 | 84.00 | 92.00 | OK | |
r-oldrel-macos-arm64 | 1.2.0 | 44.00 | OK | |||
r-oldrel-macos-x86_64 | 1.2.0 | 95.00 | OK | |||
r-oldrel-windows-x86_64 | 1.2.0 | 9.00 | 100.00 | 109.00 | OK |
Version: 1.2.0
Check: CRAN incoming feasibility
Result: NOTE
Maintainer: ‘Seyma Kalay <seymakalay@hotmail.com>’
No Authors@R field in DESCRIPTION.
Please add one, modifying
Authors@R: person(given = "Seyma",
family = "Kalay",
role = c("aut", "cre"),
email = "seymakalay@hotmail.com")
as necessary.
Flavors: r-devel-linux-x86_64-debian-clang, r-devel-linux-x86_64-debian-gcc