Last updated on 2025-05-14 02:50:21 CEST.
Flavor | Version | Tinstall | Tcheck | Ttotal | Status | Flags |
---|---|---|---|---|---|---|
r-devel-linux-x86_64-debian-clang | 0.2 | 5.83 | 54.74 | 60.57 | NOTE | |
r-devel-linux-x86_64-debian-gcc | 0.2 | 4.89 | 41.06 | 45.95 | NOTE | |
r-devel-linux-x86_64-fedora-clang | 0.2 | 96.10 | OK | |||
r-devel-linux-x86_64-fedora-gcc | 0.2 | 91.48 | OK | |||
r-devel-windows-x86_64 | 0.2 | 7.00 | 71.00 | 78.00 | OK | |
r-patched-linux-x86_64 | 0.2 | 5.99 | 52.37 | 58.36 | OK | |
r-release-linux-x86_64 | 0.2 | 6.63 | 51.85 | 58.48 | OK | |
r-release-macos-arm64 | 0.2 | 31.00 | OK | |||
r-release-macos-x86_64 | 0.2 | 57.00 | OK | |||
r-release-windows-x86_64 | 0.2 | 7.00 | 67.00 | 74.00 | OK | |
r-oldrel-macos-arm64 | 0.2 | 30.00 | OK | |||
r-oldrel-macos-x86_64 | 0.2 | 43.00 | OK | |||
r-oldrel-windows-x86_64 | 0.2 | 10.00 | 80.00 | 90.00 | OK |
Version: 0.2
Check: CRAN incoming feasibility
Result: NOTE
Maintainer: ‘Jesse Hemerik <jesse.hemerik@wur.nl>’
No Authors@R field in DESCRIPTION.
Please add one, modifying
Authors@R: c(person(given = "Jesse",
family = "Hemerik",
role = c("aut", "cre"),
email = "jesse.hemerik@wur.nl"),
person(given = "Livio",
family = "Finos",
role = "aut"))
as necessary.
Flavors: r-devel-linux-x86_64-debian-clang, r-devel-linux-x86_64-debian-gcc