CRAN Package Check Results for Package pkgnews

Last updated on 2025-05-14 02:50:21 CEST.

Flavor Version Tinstall Tcheck Ttotal Status Flags
r-devel-linux-x86_64-debian-clang 0.0.2 1.54 18.83 20.37 OK
r-devel-linux-x86_64-debian-gcc 0.0.2 1.28 15.42 16.70 OK
r-devel-linux-x86_64-fedora-clang 0.0.2 30.10 OK
r-devel-linux-x86_64-fedora-gcc 0.0.2 29.06 OK
r-devel-windows-x86_64 0.0.2 3.00 40.00 43.00 OK
r-patched-linux-x86_64 0.0.2 1.65 16.98 18.63 OK
r-release-linux-x86_64 0.0.2 1.63 17.17 18.80 OK
r-release-macos-arm64 0.0.2 17.00 OK
r-release-macos-x86_64 0.0.2 23.00 OK
r-release-windows-x86_64 0.0.2 4.00 40.00 44.00 OK
r-oldrel-macos-arm64 0.0.2 16.00 NOTE
r-oldrel-macos-x86_64 0.0.2 20.00 NOTE
r-oldrel-windows-x86_64 0.0.2 3.00 43.00 46.00 NOTE

Check Details

Version: 0.0.2
Check: LazyData
Result: NOTE 'LazyData' is specified without a 'data' directory Flavors: r-oldrel-macos-arm64, r-oldrel-macos-x86_64, r-oldrel-windows-x86_64