Last updated on 2025-05-14 02:50:21 CEST.
Flavor | Version | Tinstall | Tcheck | Ttotal | Status | Flags |
---|---|---|---|---|---|---|
r-devel-linux-x86_64-debian-clang | 0.1.1 | 5.03 | 45.51 | 50.54 | OK | |
r-devel-linux-x86_64-debian-gcc | 0.1.1 | 4.26 | 33.03 | 37.29 | OK | |
r-devel-linux-x86_64-fedora-clang | 0.1.1 | 77.05 | NOTE | |||
r-devel-linux-x86_64-fedora-gcc | 0.1.1 | 73.86 | NOTE | |||
r-devel-windows-x86_64 | 0.1.1 | 7.00 | 68.00 | 75.00 | OK | |
r-patched-linux-x86_64 | 0.1.1 | 3.62 | 42.50 | 46.12 | OK | |
r-release-linux-x86_64 | 0.1.1 | 5.12 | 42.40 | 47.52 | OK | |
r-release-macos-arm64 | 0.1.1 | 25.00 | OK | |||
r-release-macos-x86_64 | 0.1.1 | 40.00 | OK | |||
r-release-windows-x86_64 | 0.1.1 | 8.00 | 67.00 | 75.00 | OK | |
r-oldrel-macos-arm64 | 0.1.1 | 23.00 | OK | |||
r-oldrel-macos-x86_64 | 0.1.1 | 36.00 | OK | |||
r-oldrel-windows-x86_64 | 0.1.1 | 9.00 | 75.00 | 84.00 | OK |
Version: 0.1.1
Check: dependencies in R code
Result: NOTE
Namespace in Imports field not imported from: ‘tibble’
All declared Imports should be used.
Flavors: r-devel-linux-x86_64-fedora-clang, r-devel-linux-x86_64-fedora-gcc