Last updated on 2025-05-14 02:50:22 CEST.
Flavor | Version | Tinstall | Tcheck | Ttotal | Status | Flags |
---|---|---|---|---|---|---|
r-devel-linux-x86_64-debian-clang | 0.5.0 | 15.13 | 101.28 | 116.41 | NOTE | |
r-devel-linux-x86_64-debian-gcc | 0.5.0 | 9.64 | 63.86 | 73.50 | NOTE | |
r-devel-linux-x86_64-fedora-clang | 0.5.0 | 192.22 | OK | |||
r-devel-linux-x86_64-fedora-gcc | 0.5.0 | 194.83 | OK | |||
r-devel-windows-x86_64 | 0.5.0 | 17.00 | 116.00 | 133.00 | OK | |
r-patched-linux-x86_64 | 0.5.0 | 14.79 | 96.06 | 110.85 | OK | |
r-release-linux-x86_64 | 0.5.0 | 12.56 | 96.47 | 109.03 | OK | |
r-release-macos-arm64 | 0.5.0 | 47.00 | OK | |||
r-release-macos-x86_64 | 0.5.0 | 86.00 | OK | |||
r-release-windows-x86_64 | 0.5.0 | 16.00 | 115.00 | 131.00 | OK | |
r-oldrel-macos-arm64 | 0.5.0 | 46.00 | OK | |||
r-oldrel-macos-x86_64 | 0.5.0 | 72.00 | OK | |||
r-oldrel-windows-x86_64 | 0.5.0 | 22.00 | 149.00 | 171.00 | OK |
Version: 0.5.0
Check: CRAN incoming feasibility
Result: NOTE
Maintainer: ‘Chris Aberson <chris.aberson@gmail.com>’
No Authors@R field in DESCRIPTION.
Please add one, modifying
Authors@R: person(given = "Chris",
family = "Aberson",
role = c("aut", "cre"),
email = "chris.aberson@gmail.com")
as necessary.
Flavors: r-devel-linux-x86_64-debian-clang, r-devel-linux-x86_64-debian-gcc