Last updated on 2025-05-14 02:50:23 CEST.
Flavor | Version | Tinstall | Tcheck | Ttotal | Status | Flags |
---|---|---|---|---|---|---|
r-devel-linux-x86_64-debian-clang | 0.2.6 | 1.66 | 27.49 | 29.15 | NOTE | |
r-devel-linux-x86_64-debian-gcc | 0.2.6 | 1.43 | 23.34 | 24.77 | NOTE | |
r-devel-linux-x86_64-fedora-clang | 0.2.6 | 45.94 | OK | |||
r-devel-linux-x86_64-fedora-gcc | 0.2.6 | 61.60 | OK | |||
r-devel-windows-x86_64 | 0.2.6 | 2.00 | 79.00 | 81.00 | OK | |
r-patched-linux-x86_64 | 0.2.6 | 1.69 | 26.86 | 28.55 | OK | |
r-release-linux-x86_64 | 0.2.6 | 1.81 | 26.62 | 28.43 | OK | |
r-release-macos-arm64 | 0.2.6 | 31.00 | OK | |||
r-release-macos-x86_64 | 0.2.6 | 50.00 | OK | |||
r-release-windows-x86_64 | 0.2.6 | 5.00 | 78.00 | 83.00 | OK | |
r-oldrel-macos-arm64 | 0.2.6 | 29.00 | OK | |||
r-oldrel-macos-x86_64 | 0.2.6 | 41.00 | OK | |||
r-oldrel-windows-x86_64 | 0.2.6 | 4.00 | 71.00 | 75.00 | OK |
Version: 0.2.6
Check: CRAN incoming feasibility
Result: NOTE
Maintainer: ‘Dirk Eddelbuettel <edd@debian.org>’
No Authors@R field in DESCRIPTION.
Please add one, modifying
Authors@R: person(given = "Dirk",
family = "Eddelbuettel",
role = c("aut", "cre"),
email = "edd@debian.org")
as necessary.
Flavors: r-devel-linux-x86_64-debian-clang, r-devel-linux-x86_64-debian-gcc