CRAN Package Check Results for Package ratlas

Last updated on 2025-07-01 02:52:31 CEST.

Flavor Version Tinstall Tcheck Ttotal Status Flags
r-devel-linux-x86_64-debian-clang 0.1.0 8.19 112.71 120.90 NOTE
r-devel-linux-x86_64-debian-gcc 0.1.0 5.24 78.13 83.37 NOTE
r-devel-linux-x86_64-fedora-clang 0.1.0 179.88 NOTE
r-devel-linux-x86_64-fedora-gcc 0.1.0 182.05 NOTE
r-devel-windows-x86_64 0.1.0 12.00 117.00 129.00 NOTE
r-patched-linux-x86_64 NOTE
r-release-linux-x86_64 0.1.0 6.85 103.26 110.11 NOTE
r-release-macos-arm64 0.1.0 55.00 NOTE
r-release-macos-x86_64 0.1.0 102.00 NOTE
r-release-windows-x86_64 0.1.0 13.00 117.00 130.00 NOTE
r-oldrel-macos-arm64 0.1.0 64.00 NOTE
r-oldrel-macos-x86_64 0.1.0 101.00 NOTE
r-oldrel-windows-x86_64 0.1.0 15.00 144.00 159.00 NOTE

Check Details

Version: 0.1.0
Check: DESCRIPTION meta-information
Result: NOTE Missing dependency on R >= 4.1.0 because package code uses the pipe |> or function shorthand \(...) syntax added in R 4.1.0. File(s) using such syntax: ‘combine_n_pct.Rd’ ‘fmt_kbl_header.Rd’ ‘fmt_table.Rd’ ‘table-format.R’ Flavors: r-devel-linux-x86_64-debian-clang, r-devel-linux-x86_64-debian-gcc, r-devel-linux-x86_64-fedora-clang, r-devel-linux-x86_64-fedora-gcc, r-devel-windows-x86_64, r-patched-linux-x86_64, r-release-linux-x86_64, r-release-macos-arm64, r-release-windows-x86_64

Version: 0.1.0
Check: DESCRIPTION meta-information
Result: NOTE Missing dependency on R >= 4.1.0 because package code uses the pipe |> or function shorthand \(...) syntax added in R 4.1.0. File(s) using such syntax: ‘table-format.R’ Flavor: r-release-macos-x86_64

Version: 0.1.0
Check: installed package size
Result: NOTE installed size is 5.1Mb sub-directories of 1Mb or more: doc 2.6Mb rstudio 1.6Mb Flavors: r-oldrel-macos-arm64, r-oldrel-macos-x86_64, r-oldrel-windows-x86_64