Last updated on 2025-05-14 02:50:23 CEST.
Flavor | Version | Tinstall | Tcheck | Ttotal | Status | Flags |
---|---|---|---|---|---|---|
r-devel-linux-x86_64-debian-clang | 1.8.8 | 3.41 | 30.37 | 33.78 | NOTE | |
r-devel-linux-x86_64-debian-gcc | 1.8.8 | 2.33 | 23.02 | 25.35 | NOTE | |
r-devel-linux-x86_64-fedora-clang | 1.8.8 | 58.09 | OK | |||
r-devel-linux-x86_64-fedora-gcc | 1.8.8 | 57.23 | OK | |||
r-devel-windows-x86_64 | 1.8.8 | 4.00 | 55.00 | 59.00 | OK | |
r-patched-linux-x86_64 | 1.8.8 | 3.41 | 29.28 | 32.69 | OK | |
r-release-linux-x86_64 | 1.8.8 | 3.07 | 29.08 | 32.15 | OK | |
r-release-macos-arm64 | 1.8.8 | 23.00 | OK | |||
r-release-macos-x86_64 | 1.8.8 | 42.00 | OK | |||
r-release-windows-x86_64 | 1.8.8 | 6.00 | 55.00 | 61.00 | OK | |
r-oldrel-macos-arm64 | 1.8.8 | 21.00 | NOTE | |||
r-oldrel-macos-x86_64 | 1.8.8 | 31.00 | NOTE | |||
r-oldrel-windows-x86_64 | 1.8.8 | 7.00 | 61.00 | 68.00 | NOTE |
Version: 1.8.8
Check: CRAN incoming feasibility
Result: NOTE
Maintainer: ‘Samuel D. Pimentel <spi@berkeley.edu>’
No Authors@R field in DESCRIPTION.
Please add one, modifying
Authors@R: person(given = c("Samuel", "D."),
family = "Pimentel",
role = c("aut", "cre"),
email = "spi@berkeley.edu")
as necessary.
Flavors: r-devel-linux-x86_64-debian-clang, r-devel-linux-x86_64-debian-gcc
Version: 1.8.8
Check: package dependencies
Result: NOTE
Package suggested but not available for checking: ‘rrelaxiv’
Flavors: r-oldrel-macos-arm64, r-oldrel-macos-x86_64, r-oldrel-windows-x86_64