CRAN Package Check Results for Package refset

Last updated on 2025-05-14 02:50:23 CEST.

Flavor Version Tinstall Tcheck Ttotal Status Flags
r-devel-linux-x86_64-debian-clang 0.1.1 1.71 25.57 27.28 NOTE
r-devel-linux-x86_64-debian-gcc 0.1.1 1.38 21.21 22.59 NOTE
r-devel-linux-x86_64-fedora-clang 0.1.1 42.74 OK
r-devel-linux-x86_64-fedora-gcc 0.1.1 54.40 OK
r-devel-windows-x86_64 0.1.1 3.00 47.00 50.00 OK
r-patched-linux-x86_64 0.1.1 1.82 23.31 25.13 OK
r-release-linux-x86_64 0.1.1 1.71 23.20 24.91 OK
r-release-macos-arm64 0.1.1 30.00 OK
r-release-macos-x86_64 0.1.1 50.00 OK
r-release-windows-x86_64 0.1.1 2.00 46.00 48.00 OK
r-oldrel-macos-arm64 0.1.1 22.00 OK
r-oldrel-macos-x86_64 0.1.1 36.00 OK
r-oldrel-windows-x86_64 0.1.1 4.00 53.00 57.00 OK

Check Details

Version: 0.1.1
Check: CRAN incoming feasibility
Result: NOTE Maintainer: ‘"David Hugh-Jones" <davidhughjones@gmail.com>’ No Authors@R field in DESCRIPTION. Please add one, modifying Authors@R: person(given = "\"David", family = "Hugh-Jones\"", role = c("aut", "cre"), email = "davidhughjones@gmail.com") as necessary. Flavors: r-devel-linux-x86_64-debian-clang, r-devel-linux-x86_64-debian-gcc