Last updated on 2025-05-14 02:50:24 CEST.
Flavor | Version | Tinstall | Tcheck | Ttotal | Status | Flags |
---|---|---|---|---|---|---|
r-devel-linux-x86_64-debian-clang | 2023.12.21 | 197.03 | 315.67 | 512.70 | NOTE | |
r-devel-linux-x86_64-debian-gcc | 2023.12.21 | 136.16 | 201.96 | 338.12 | NOTE | |
r-devel-linux-x86_64-fedora-clang | 2023.12.21 | 885.51 | OK | |||
r-devel-linux-x86_64-fedora-gcc | 2023.12.21 | 936.68 | OK | |||
r-devel-windows-x86_64 | 2023.12.21 | 200.00 | 315.00 | 515.00 | NOTE | |
r-patched-linux-x86_64 | 2023.12.21 | 190.06 | 284.73 | 474.79 | NOTE | |
r-release-linux-x86_64 | 2023.12.21 | 192.06 | 287.43 | 479.49 | NOTE | |
r-release-macos-arm64 | 2023.12.21 | 193.00 | OK | |||
r-release-macos-x86_64 | 2023.12.21 | 303.00 | OK | |||
r-release-windows-x86_64 | 2023.12.21 | 213.00 | 316.00 | 529.00 | NOTE | |
r-oldrel-macos-arm64 | 2023.12.21 | 185.00 | NOTE | |||
r-oldrel-macos-x86_64 | 2023.12.21 | 237.00 | NOTE | |||
r-oldrel-windows-x86_64 | 2023.12.21 | 261.00 | 395.00 | 656.00 | OK |
Version: 2023.12.21
Check: Rd cross-references
Result: NOTE
Found the following Rd file(s) with Rd \link{} targets missing package
anchors:
CSC.Rd: coxph
FGR.Rd: Hist
ate.Rd: as.data.table
plot.riskRegression.Rd: SmartControl
plotBrier.Rd: SmartControl
plotCalibration.Rd: SmartControl
plotEffects.Rd: SmartControl
plotPredictRisk.Rd: SmartControl
plotROC.Rd: SmartControl
plotRisk.Rd: SmartControl
selectCox.Rd: fastbw
summary.ate.Rd: as.data.table
Please provide package anchors for all Rd \link{} targets not in the
package itself and the base packages.
Flavors: r-devel-linux-x86_64-debian-clang, r-devel-linux-x86_64-debian-gcc, r-devel-windows-x86_64, r-patched-linux-x86_64, r-release-linux-x86_64, r-release-windows-x86_64
Version: 2023.12.21
Check: installed package size
Result: NOTE
installed size is 10.2Mb
sub-directories of 1Mb or more:
R 1.1Mb
libs 8.7Mb
Flavors: r-oldrel-macos-arm64, r-oldrel-macos-x86_64