CRAN Package Check Results for Package rr2

Last updated on 2025-05-14 02:50:24 CEST.

Flavor Version Tinstall Tcheck Ttotal Status Flags
r-devel-linux-x86_64-debian-clang 1.1.1 11.89 95.98 107.87 NOTE
r-devel-linux-x86_64-debian-gcc 1.1.1 7.49 67.64 75.13 NOTE
r-devel-linux-x86_64-fedora-clang 1.1.1 458.57 NOTE
r-devel-linux-x86_64-fedora-gcc 1.1.1 501.95 NOTE
r-devel-windows-x86_64 1.1.1 48.00 440.00 488.00 NOTE
r-patched-linux-x86_64 1.1.1 10.78 90.14 100.92 NOTE
r-release-linux-x86_64 1.1.1 10.44 88.56 99.00 NOTE
r-release-macos-arm64 1.1.1 72.00 NOTE
r-release-macos-x86_64 1.1.1 175.00 NOTE
r-release-windows-x86_64 1.1.1 54.00 461.00 515.00 NOTE
r-oldrel-macos-arm64 1.1.1 51.00 NOTE
r-oldrel-macos-x86_64 1.1.1 68.00 NOTE
r-oldrel-windows-x86_64 1.1.1 64.00 559.00 623.00 NOTE

Check Details

Version: 1.1.1
Check: Rd files
Result: NOTE checkRd: (-1) R2_lik.Rd:37: Lost braces; missing escapes or markup? 37 | \code{R2_lik()} is also computed for LMMs and GLMMs in the {MuMIn} package. | ^ checkRd: (-1) R2_pred.Rd:32: Lost braces; missing escapes or markup? 32 | Note that the version of \code{binaryPGLMM()} in the package ape is replaced by a version contained within {rr2} that outputs all of the required information for the calculation of R2_resid. | ^ checkRd: (-1) R2_resid.Rd:69: Lost braces; missing escapes or markup? 69 | Note that the version of \code{binaryPGLMM()} in the package ape is replaced by a version contained within {rr2} that outputs all of the required information for the calculation of \code{R2_resid()} | ^ Flavors: r-devel-linux-x86_64-debian-clang, r-devel-linux-x86_64-debian-gcc, r-devel-linux-x86_64-fedora-clang, r-devel-linux-x86_64-fedora-gcc, r-devel-windows-x86_64, r-patched-linux-x86_64, r-release-linux-x86_64, r-release-macos-arm64, r-release-macos-x86_64, r-release-windows-x86_64, r-oldrel-macos-arm64, r-oldrel-macos-x86_64, r-oldrel-windows-x86_64