Last updated on 2025-05-14 02:50:26 CEST.
Flavor | Version | Tinstall | Tcheck | Ttotal | Status | Flags |
---|---|---|---|---|---|---|
r-devel-linux-x86_64-debian-clang | 2.3.5 | 4.06 | 41.21 | 45.27 | NOTE | |
r-devel-linux-x86_64-debian-gcc | 2.3.5 | 2.85 | 29.66 | 32.51 | NOTE | |
r-devel-linux-x86_64-fedora-clang | 2.3.5 | 71.35 | OK | |||
r-devel-linux-x86_64-fedora-gcc | 2.3.5 | 69.65 | OK | |||
r-devel-windows-x86_64 | 2.3.5 | 4.00 | 65.00 | 69.00 | OK | |
r-patched-linux-x86_64 | 2.3.5 | 4.71 | 39.43 | 44.14 | OK | |
r-release-linux-x86_64 | 2.3.5 | 4.10 | 39.66 | 43.76 | OK | |
r-release-macos-arm64 | 2.3.5 | 26.00 | OK | |||
r-release-macos-x86_64 | 2.3.5 | 42.00 | OK | |||
r-release-windows-x86_64 | 2.3.5 | 4.00 | 67.00 | 71.00 | OK | |
r-oldrel-macos-arm64 | 2.3.5 | 25.00 | OK | |||
r-oldrel-macos-x86_64 | 2.3.5 | 83.00 | OK | |||
r-oldrel-windows-x86_64 | 2.3.5 | 4.00 | 74.00 | 78.00 | OK |
Version: 2.3.5
Check: CRAN incoming feasibility
Result: NOTE
Maintainer: ‘Irene Castro Conde <irene.castro@uvigo.es>’
No Authors@R field in DESCRIPTION.
Please add one, modifying
Authors@R: c(person(given = c("Irene", "Castro"),
family = "Conde",
role = c("aut", "cre"),
email = "irene.castro@uvigo.es"),
person(given = c("Jacobo", "de", "Una"),
family = "Alvarez",
role = "aut"))
as necessary.
Flavors: r-devel-linux-x86_64-debian-clang, r-devel-linux-x86_64-debian-gcc