Last updated on 2025-05-14 02:50:26 CEST.
Flavor | Version | Tinstall | Tcheck | Ttotal | Status | Flags |
---|---|---|---|---|---|---|
r-devel-linux-x86_64-debian-clang | 0.2.0 | 2.80 | 75.51 | 78.31 | NOTE | |
r-devel-linux-x86_64-debian-gcc | 0.2.0 | 2.37 | 55.02 | 57.39 | NOTE | |
r-devel-linux-x86_64-fedora-clang | 0.2.0 | 122.08 | NOTE | |||
r-devel-linux-x86_64-fedora-gcc | 0.2.0 | 147.88 | NOTE | |||
r-devel-windows-x86_64 | 0.2.0 | 5.00 | 97.00 | 102.00 | NOTE | |
r-patched-linux-x86_64 | 0.2.0 | 2.76 | 70.90 | 73.66 | NOTE | |
r-release-linux-x86_64 | 0.2.0 | 2.61 | 70.95 | 73.56 | NOTE | |
r-release-macos-arm64 | 0.2.0 | 51.00 | NOTE | |||
r-release-macos-x86_64 | 0.2.0 | 107.00 | NOTE | |||
r-release-windows-x86_64 | 0.2.0 | 8.00 | 99.00 | 107.00 | NOTE | |
r-oldrel-macos-arm64 | 0.2.0 | 52.00 | OK | |||
r-oldrel-macos-x86_64 | 0.2.0 | 159.00 | OK | |||
r-oldrel-windows-x86_64 | 0.2.0 | 9.00 | 111.00 | 120.00 | OK |
Version: 0.2.0
Check: DESCRIPTION meta-information
Result: NOTE
Missing dependency on R >= 4.1.0 because package code uses the pipe
|> or function shorthand \(...) syntax added in R 4.1.0.
File(s) using such syntax:
‘si_calculate.Rd’
Flavors: r-devel-linux-x86_64-debian-clang, r-devel-linux-x86_64-debian-gcc, r-devel-linux-x86_64-fedora-clang, r-devel-linux-x86_64-fedora-gcc, r-devel-windows-x86_64, r-patched-linux-x86_64, r-release-linux-x86_64, r-release-macos-arm64, r-release-macos-x86_64, r-release-windows-x86_64