Last updated on 2025-05-14 02:50:26 CEST.
Flavor | Version | Tinstall | Tcheck | Ttotal | Status | Flags |
---|---|---|---|---|---|---|
r-devel-linux-x86_64-debian-clang | 2.3-3 | 28.55 | 232.01 | 260.56 | NOTE | |
r-devel-linux-x86_64-debian-gcc | 2.3-3 | 20.15 | 145.59 | 165.74 | NOTE | |
r-devel-linux-x86_64-fedora-clang | 2.3-3 | 422.85 | OK | |||
r-devel-linux-x86_64-fedora-gcc | 2.3-3 | 401.51 | OK | |||
r-devel-windows-x86_64 | 2.3-3 | 28.00 | 184.00 | 212.00 | OK | |
r-patched-linux-x86_64 | 2.3-3 | 30.30 | 220.65 | 250.95 | OK | |
r-release-linux-x86_64 | 2.3-3 | 27.59 | 219.70 | 247.29 | OK | |
r-release-macos-arm64 | 2.3-3 | 90.00 | OK | |||
r-release-macos-x86_64 | 2.3-3 | 211.00 | OK | |||
r-release-windows-x86_64 | 2.3-3 | 28.00 | 182.00 | 210.00 | OK | |
r-oldrel-macos-arm64 | 2.3-3 | 85.00 | OK | |||
r-oldrel-macos-x86_64 | 2.3-3 | 134.00 | OK | |||
r-oldrel-windows-x86_64 | 2.3-3 | 39.00 | 262.00 | 301.00 | OK |
Version: 2.3-3
Check: CRAN incoming feasibility
Result: NOTE
Maintainer: ‘Jedrzej S. Bojanowski <jedrzej.bojanowski@gmail.com>’
No Authors@R field in DESCRIPTION.
Please add one, modifying
Authors@R: person(given = c("Jedrzej", "S."),
family = "Bojanowski",
role = c("aut", "cre"),
email = "jedrzej.bojanowski@gmail.com")
as necessary.
Flavors: r-devel-linux-x86_64-debian-clang, r-devel-linux-x86_64-debian-gcc