Last updated on 2025-05-14 02:50:26 CEST.
Flavor | Version | Tinstall | Tcheck | Ttotal | Status | Flags |
---|---|---|---|---|---|---|
r-devel-linux-x86_64-debian-clang | 2.2-6.0 | 17.40 | 73.66 | 91.06 | NOTE | |
r-devel-linux-x86_64-debian-gcc | 2.2-6.0 | 10.20 | 48.09 | 58.29 | NOTE | |
r-devel-linux-x86_64-fedora-clang | 2.2-6.0 | 142.65 | OK | |||
r-devel-linux-x86_64-fedora-gcc | 2.2-6.0 | 137.70 | OK | |||
r-devel-windows-x86_64 | 2.2-6.0 | 17.00 | 92.00 | 109.00 | OK | |
r-patched-linux-x86_64 | 2.2-6.0 | 15.71 | 67.92 | 83.63 | OK | |
r-release-linux-x86_64 | 2.2-6.0 | 14.30 | 68.47 | 82.77 | OK | |
r-release-macos-arm64 | 2.2-6.0 | 41.00 | OK | |||
r-release-macos-x86_64 | 2.2-6.0 | 114.00 | OK | |||
r-release-windows-x86_64 | 2.2-6.0 | 20.00 | 95.00 | 115.00 | OK | |
r-oldrel-macos-arm64 | 2.2-6.0 | 41.00 | OK | |||
r-oldrel-macos-x86_64 | 2.2-6.0 | 55.00 | OK | |||
r-oldrel-windows-x86_64 | 2.2-6.0 | 21.00 | 112.00 | 133.00 | OK |
Version: 2.2-6.0
Check: CRAN incoming feasibility
Result: NOTE
Maintainer: ‘Adrian Bowman <adrian.bowman@glasgow.ac.uk>’
No Authors@R field in DESCRIPTION.
Please add one, modifying
Authors@R: c(person(given = "Adrian",
family = "Bowman",
role = c("aut", "cre"),
email = "adrian.bowman@glasgow.ac.uk"),
person(given = c("Adelchi", "Azzalini.", "Ported", "to", "R", "by", "B.", "D.", "Ripley", "up", "to", "version"),
family = "2.0",
role = "aut",
email = "ripley@stats.ox.ac.uk"),
person(given = c("version", "2.1", "by", "Adrian"),
family = "Bowman",
role = "aut"),
person(given = "Adelchi",
family = "Azzalini",
role = "aut"),
person(given = c("version", "2.2", "by", "Adrian"),
family = "Bowman.",
role = "aut"))
as necessary.
Flavors: r-devel-linux-x86_64-debian-clang, r-devel-linux-x86_64-debian-gcc