Last updated on 2025-05-14 02:50:26 CEST.
Flavor | Version | Tinstall | Tcheck | Ttotal | Status | Flags |
---|---|---|---|---|---|---|
r-devel-linux-x86_64-debian-clang | 1.2.2 | 2.67 | 70.70 | 73.37 | NOTE | |
r-devel-linux-x86_64-debian-gcc | 1.2.2 | 2.24 | 62.40 | 64.64 | NOTE | |
r-devel-linux-x86_64-fedora-clang | 1.2.2 | 113.01 | OK | |||
r-devel-linux-x86_64-fedora-gcc | 1.2.2 | 129.71 | OK | |||
r-devel-windows-x86_64 | 1.2.2 | 4.00 | 123.00 | 127.00 | OK | |
r-patched-linux-x86_64 | 1.2.2 | 3.07 | 84.09 | 87.16 | OK | |
r-release-linux-x86_64 | 1.2.2 | 2.65 | 84.49 | 87.14 | OK | |
r-release-macos-arm64 | 1.2.2 | 65.00 | OK | |||
r-release-macos-x86_64 | 1.2.2 | 109.00 | OK | |||
r-release-windows-x86_64 | 1.2.2 | 3.00 | 125.00 | 128.00 | OK | |
r-oldrel-macos-arm64 | 1.2.2 | 55.00 | OK | |||
r-oldrel-macos-x86_64 | 1.2.2 | 85.00 | OK | |||
r-oldrel-windows-x86_64 | 1.2.2 | 4.00 | 139.00 | 143.00 | OK |
Version: 1.2.2
Check: CRAN incoming feasibility
Result: NOTE
Maintainer: ‘Alireza Mahani <alireza.s.mahani@gmail.com>’
No Authors@R field in DESCRIPTION.
Please add one, modifying
Authors@R: c(person(given = c("Alireza", "S."),
family = "Mahani",
role = "aut"),
person(given = "Asad",
family = "Hasan",
role = "aut"),
person(given = "Marshall",
family = "Jiang",
role = "aut"),
person(given = c("Mansour", "T.A."),
family = "Sharabiani",
role = "aut"),
person(given = "Alireza",
family = "Mahani",
role = "cre",
email = "alireza.s.mahani@gmail.com"))
as necessary.
Flavors: r-devel-linux-x86_64-debian-clang, r-devel-linux-x86_64-debian-gcc