Last updated on 2025-05-14 02:50:28 CEST.
Flavor | Version | Tinstall | Tcheck | Ttotal | Status | Flags |
---|---|---|---|---|---|---|
r-devel-linux-x86_64-debian-clang | 0.2.3 | 114.42 | 32.92 | 147.34 | NOTE | |
r-devel-linux-x86_64-debian-gcc | 0.2.3 | 79.37 | 25.59 | 104.96 | NOTE | |
r-devel-linux-x86_64-fedora-clang | 0.2.3 | 318.27 | OK | |||
r-devel-linux-x86_64-fedora-gcc | 0.2.3 | 318.59 | OK | |||
r-devel-windows-x86_64 | 0.2.3 | 138.00 | 72.00 | 210.00 | OK | |
r-patched-linux-x86_64 | 0.2.3 | 113.93 | 31.69 | 145.62 | OK | |
r-release-linux-x86_64 | 0.2.3 | 112.60 | 32.00 | 144.60 | OK | |
r-release-macos-arm64 | 0.2.3 | 65.00 | OK | |||
r-release-macos-x86_64 | 0.2.3 | 79.00 | OK | |||
r-release-windows-x86_64 | 0.2.3 | 139.00 | 74.00 | 213.00 | OK | |
r-oldrel-macos-arm64 | 0.2.3 | 69.00 | OK | |||
r-oldrel-macos-x86_64 | 0.2.3 | 73.00 | OK | |||
r-oldrel-windows-x86_64 | 0.2.3 | 157.00 | 87.00 | 244.00 | OK |
Version: 0.2.3
Check: CRAN incoming feasibility
Result: NOTE
Maintainer: ‘Blagoje Ivanović <blagoje.ivanovic@matf.bg.ac.rs>’
No Authors@R field in DESCRIPTION.
Please add one, modifying
Authors@R: person(given = "Blagoje",
family = "Ivanović",
role = c("aut", "cre"),
email = "blagoje.ivanovic@matf.bg.ac.rs")
as necessary.
Flavors: r-devel-linux-x86_64-debian-clang, r-devel-linux-x86_64-debian-gcc