CRAN Package Check Results for Package tacmagic

Last updated on 2025-07-02 02:54:43 CEST.

Flavor Version Tinstall Tcheck Ttotal Status Flags
r-devel-linux-x86_64-debian-clang 0.3.1 3.14 54.64 57.78 NOTE
r-devel-linux-x86_64-debian-gcc 0.3.1 2.41 39.42 41.83 NOTE
r-devel-linux-x86_64-fedora-clang 0.3.1 92.15 OK
r-devel-linux-x86_64-fedora-gcc 0.3.1 98.39 OK
r-devel-windows-x86_64 0.3.1 5.00 77.00 82.00 OK
r-patched-linux-x86_64 OK
r-release-linux-x86_64 0.3.1 2.99 52.28 55.27 OK
r-release-macos-arm64 0.3.1 42.00 OK
r-release-macos-x86_64 0.3.1 66.00 OK
r-release-windows-x86_64 0.3.1 7.00 74.00 81.00 OK
r-oldrel-macos-arm64 0.3.1 40.00 OK
r-oldrel-macos-x86_64 0.3.1 53.00 OK
r-oldrel-windows-x86_64 0.3.1 5.00 93.00 98.00 OK

Check Details

Version: 0.3.1
Check: CRAN incoming feasibility
Result: NOTE Maintainer: ‘Eric Brown <eb@ericebrown.com>’ The BugReports field in DESCRIPTION has https://github.com/ropensci/tacmagic which should likely be https://github.com/ropensci/tacmagic/issues instead. Flavors: r-devel-linux-x86_64-debian-clang, r-devel-linux-x86_64-debian-gcc