CRAN Package Check Results for Package tagcloud

Last updated on 2025-07-01 02:52:36 CEST.

Flavor Version Tinstall Tcheck Ttotal Status Flags
r-devel-linux-x86_64-debian-clang 0.6 13.67 31.98 45.65 NOTE
r-devel-linux-x86_64-debian-gcc 0.7.0 9.86 24.40 34.26 OK
r-devel-linux-x86_64-fedora-clang 0.6 74.97 NOTE
r-devel-linux-x86_64-fedora-gcc 0.7.0 104.96 OK
r-devel-windows-x86_64 0.7.0 17.00 66.00 83.00 OK
r-patched-linux-x86_64 NOTE
r-release-linux-x86_64 0.6 13.49 30.42 43.91 NOTE
r-release-macos-arm64 0.6 38.00 OK
r-release-macos-x86_64 0.7.0 124.00 OK
r-release-windows-x86_64 0.6 18.00 67.00 85.00 NOTE
r-oldrel-macos-arm64 0.6 36.00 OK
r-oldrel-macos-x86_64 0.7.0 121.00 OK
r-oldrel-windows-x86_64 0.7.0 21.00 84.00 105.00 OK

Check Details

Version: 0.6
Check: CRAN incoming feasibility
Result: NOTE Maintainer: ‘January Weiner <january.weiner@gmail.com>’ No Authors@R field in DESCRIPTION. Please add one, modifying Authors@R: person(given = "January", family = "Weiner", role = c("aut", "cre"), email = "january.weiner@gmail.com") as necessary. Flavor: r-devel-linux-x86_64-debian-clang

Version: 0.6
Check: Rd cross-references
Result: NOTE Found the following Rd file(s) with Rd \link{} targets missing package anchors: smoothPalette.Rd: brewer.pal Please provide package anchors for all Rd \link{} targets not in the package itself and the base packages. Flavors: r-devel-linux-x86_64-debian-clang, r-patched-linux-x86_64, r-release-linux-x86_64, r-release-windows-x86_64

Version: 0.6
Check: compiled code
Result: NOTE File ‘tagcloud/libs/tagcloud.so’: Found no calls to: ‘R_registerRoutines’, ‘R_useDynamicSymbols’ It is good practice to register native routines and to disable symbol search. See ‘Writing portable packages’ in the ‘Writing R Extensions’ manual. Flavor: r-devel-linux-x86_64-fedora-clang