CRAN Package Check Results for Package tfprobability

Last updated on 2025-05-14 02:50:28 CEST.

Flavor Version Tinstall Tcheck Ttotal Status Flags
r-devel-linux-x86_64-debian-clang 0.15.1 14.07 191.01 205.08 NOTE
r-devel-linux-x86_64-debian-gcc 0.15.1 10.37 128.61 138.98 NOTE
r-devel-linux-x86_64-fedora-clang 0.15.1 314.75 NOTE
r-devel-linux-x86_64-fedora-gcc 0.15.1 318.41 NOTE
r-devel-windows-x86_64 0.15.1 20.00 298.00 318.00 NOTE
r-patched-linux-x86_64 0.15.1 40.08 179.04 219.12 NOTE
r-release-linux-x86_64 0.15.1 12.71 177.44 190.15 NOTE
r-release-macos-arm64 0.15.1 110.00 NOTE
r-release-macos-x86_64 0.15.1 165.00 NOTE
r-release-windows-x86_64 0.15.1 19.00 306.00 325.00 NOTE
r-oldrel-macos-arm64 0.15.1 81.00 NOTE
r-oldrel-macos-x86_64 0.15.1 123.00 NOTE
r-oldrel-windows-x86_64 0.15.1 24.00 337.00 361.00 NOTE

Additional issues

donttest

Check Details

Version: 0.15.1
Check: Rd files
Result: NOTE checkRd: (-1) tfd_von_mises_fisher.Rd:63: Lost braces; missing escapes or markup? 63 | NOTE: Currently only n in {2, 3, 4, 5} are supported. For n=5 some numerical | ^ Flavors: r-devel-linux-x86_64-debian-clang, r-devel-linux-x86_64-debian-gcc, r-devel-linux-x86_64-fedora-clang, r-devel-linux-x86_64-fedora-gcc, r-devel-windows-x86_64, r-patched-linux-x86_64, r-release-linux-x86_64, r-release-macos-arm64, r-release-macos-x86_64, r-release-windows-x86_64, r-oldrel-macos-arm64, r-oldrel-macos-x86_64, r-oldrel-windows-x86_64

Version: 0.15.1
Check: Rd cross-references
Result: NOTE Found the following Rd file(s) with Rd \link{} targets missing package anchors: initializer_blockwise.Rd: initializer_constant Please provide package anchors for all Rd \link{} targets not in the package itself and the base packages. Flavors: r-devel-linux-x86_64-debian-clang, r-devel-linux-x86_64-debian-gcc, r-devel-windows-x86_64, r-patched-linux-x86_64, r-release-linux-x86_64, r-release-windows-x86_64