CRAN Package Check Results for Package tidywater

Last updated on 2025-05-13 03:50:46 CEST.

Flavor Version Tinstall Tcheck Ttotal Status Flags
r-devel-linux-x86_64-debian-clang 0.7.0 10.94 544.16 555.10 OK
r-devel-linux-x86_64-debian-gcc 0.7.0 6.41 1212.12 1218.53 OK
r-devel-linux-x86_64-fedora-clang 0.7.0 4289.14 OK
r-devel-linux-x86_64-fedora-gcc 0.7.0 844.03 OK
r-devel-windows-x86_64 0.7.0 11.00 0.00 11.00 FAIL
r-patched-linux-x86_64 0.7.0 11.59 2368.48 2380.07 OK
r-release-linux-x86_64 0.7.0 10.40 2363.91 2374.31 OK
r-release-macos-arm64 0.7.0 210.00 OK
r-release-macos-x86_64 0.7.0 306.00 OK
r-release-windows-x86_64 0.7.0 13.00 0.00 13.00 FAIL
r-oldrel-macos-arm64 0.7.0 220.00 OK
r-oldrel-macos-x86_64 0.7.0 423.00 OK
r-oldrel-windows-x86_64 0.7.0 18.00 691.00 709.00 OK

Check Details

Version: 0.7.0
Check: PDF version of manual
Result: FAIL Check process probably crashed or hung up for 20 minutes ... killed Most likely this happened in the example checks (?), if not, ignore the following last lines of example output: Major ions Concentration (mg/L) ----------- --------------------- Na 10.00 Ca 80.00 Mg 10.00 K 10.00 Cl 10.00 SO4 NA HCO3 60.90 CO3 0.03 > > > > > ### * <FOOTER> > ### > cleanEx() > options(digits = 7L) > base::cat("Time elapsed: ", proc.time() - base::get("ptime", pos = 'CheckExEnv'),"\n") Time elapsed: 533.6 7.97 585.83 NA NA > grDevices::dev.off() null device 1 > ### > ### Local variables: *** > ### mode: outline-minor *** > ### outline-regexp: "\\(> \\)?### [*]+" *** > ### End: *** > quit('no') ======== End of example output (where/before crash/hang up occured ?) ======== Flavor: r-devel-windows-x86_64

Version: 0.7.0
Check: re-building of vignette outputs
Result: FAIL Check process probably crashed or hung up for 20 minutes ... killed Most likely this happened in the example checks (?), if not, ignore the following last lines of example output: Major ions Concentration (mg/L) ----------- --------------------- Na 10.00 Ca 80.00 Mg 10.00 K 10.00 Cl 10.00 SO4 NA HCO3 60.90 CO3 0.03 > > > > > ### * <FOOTER> > ### > cleanEx() > options(digits = 7L) > base::cat("Time elapsed: ", proc.time() - base::get("ptime", pos = 'CheckExEnv'),"\n") Time elapsed: 528.31 8.2 579.81 NA NA > grDevices::dev.off() null device 1 > ### > ### Local variables: *** > ### mode: outline-minor *** > ### outline-regexp: "\\(> \\)?### [*]+" *** > ### End: *** > quit('no') ======== End of example output (where/before crash/hang up occured ?) ======== Flavor: r-release-windows-x86_64