Last updated on 2025-05-14 02:50:28 CEST.
Flavor | Version | Tinstall | Tcheck | Ttotal | Status | Flags |
---|---|---|---|---|---|---|
r-devel-linux-x86_64-debian-clang | 0.5.9 | 7.66 | 72.15 | 79.81 | ERROR | |
r-devel-linux-x86_64-debian-gcc | 0.5.9 | 4.77 | 69.79 | 74.56 | NOTE | |
r-devel-linux-x86_64-fedora-clang | 0.5.9 | 169.51 | NOTE | |||
r-devel-linux-x86_64-fedora-gcc | 0.5.9 | 164.52 | NOTE | |||
r-devel-windows-x86_64 | 0.5.9 | 9.00 | 145.00 | 154.00 | NOTE | |
r-patched-linux-x86_64 | 0.5.9 | 9.26 | 93.69 | 102.95 | NOTE | |
r-release-linux-x86_64 | 0.5.9 | 7.22 | 93.99 | 101.21 | NOTE | |
r-release-macos-arm64 | 0.5.9 | 67.00 | NOTE | |||
r-release-macos-x86_64 | 0.5.9 | 104.00 | NOTE | |||
r-release-windows-x86_64 | 0.5.9 | 10.00 | 145.00 | 155.00 | NOTE | |
r-oldrel-macos-arm64 | 0.5.9 | 65.00 | OK | |||
r-oldrel-macos-x86_64 | 0.5.9 | 142.00 | OK | |||
r-oldrel-windows-x86_64 | 0.5.9 | 13.00 | 170.00 | 183.00 | OK |
Version: 0.5.9
Check: DESCRIPTION meta-information
Result: NOTE
Missing dependency on R >= 4.1.0 because package code uses the pipe
|> or function shorthand \(...) syntax added in R 4.1.0.
File(s) using such syntax:
‘tw_search.R’
Flavors: r-devel-linux-x86_64-debian-clang, r-devel-linux-x86_64-debian-gcc, r-devel-linux-x86_64-fedora-clang, r-devel-linux-x86_64-fedora-gcc, r-devel-windows-x86_64, r-patched-linux-x86_64, r-release-linux-x86_64, r-release-macos-arm64, r-release-macos-x86_64, r-release-windows-x86_64
Version: 0.5.9
Check: examples
Result: ERROR
Running examples in ‘tidywikidatar-Ex.R’ failed
The error most likely occurred in:
> base::assign(".ptime", proc.time(), pos = "CheckExEnv")
> ### Name: tw_filter
> ### Title: Filter search result and keep only items with matching property
> ### and Q identifier
> ### Aliases: tw_filter
>
> ### ** Examples
>
> tw_search(search = "Margaret Mead", limit = 3) %>%
+ tw_filter(p = "P31", q = "Q5")
! `cirrussearch-too-busy-error` error when searching for: "Margaret Mead"
ℹ Search is currently too busy. Please try again later.
Error in UseMethod("filter") :
no applicable method for 'filter' applied to an object of class "NULL"
Calls: %>% -> tw_filter -> %>% -> <Anonymous>
Execution halted
Flavor: r-devel-linux-x86_64-debian-clang