Last updated on 2025-05-14 02:50:29 CEST.
Flavor | Version | Tinstall | Tcheck | Ttotal | Status | Flags |
---|---|---|---|---|---|---|
r-devel-linux-x86_64-debian-clang | 1.1.1 | 1.87 | 23.00 | 24.87 | OK | |
r-devel-linux-x86_64-debian-gcc | 1.1.1 | 1.61 | 18.53 | 20.14 | OK | |
r-devel-linux-x86_64-fedora-clang | 1.1.1 | 39.23 | OK | |||
r-devel-linux-x86_64-fedora-gcc | 1.1.1 | 36.92 | OK | |||
r-devel-windows-x86_64 | 1.1.1 | 3.00 | 45.00 | 48.00 | OK | |
r-patched-linux-x86_64 | 1.1.1 | 2.28 | 22.07 | 24.35 | OK | |
r-release-linux-x86_64 | 1.1.1 | 2.13 | 21.75 | 23.88 | OK | |
r-release-macos-arm64 | 1.1.1 | 17.00 | OK | |||
r-release-macos-x86_64 | 1.1.1 | 26.00 | OK | |||
r-release-windows-x86_64 | 1.1.1 | 3.00 | 44.00 | 47.00 | OK | |
r-oldrel-macos-arm64 | 1.1.1 | 20.00 | NOTE | |||
r-oldrel-macos-x86_64 | 1.1.1 | 23.00 | NOTE | |||
r-oldrel-windows-x86_64 | 1.1.1 | 5.00 | 57.00 | 62.00 | NOTE |
Version: 1.1.1
Check: LazyData
Result: NOTE
'LazyData' is specified without a 'data' directory
Flavors: r-oldrel-macos-arm64, r-oldrel-macos-x86_64, r-oldrel-windows-x86_64