Last updated on 2025-05-14 02:50:29 CEST.
Flavor | Version | Tinstall | Tcheck | Ttotal | Status | Flags |
---|---|---|---|---|---|---|
r-devel-linux-x86_64-debian-clang | 1.5.0 | 54.43 | 423.08 | 477.51 | NOTE | |
r-devel-linux-x86_64-debian-gcc | 1.5.0 | 40.11 | 309.44 | 349.55 | NOTE | |
r-devel-linux-x86_64-fedora-clang | 1.5.0 | 773.19 | OK | |||
r-devel-linux-x86_64-fedora-gcc | 1.5.0 | 723.12 | OK | |||
r-devel-windows-x86_64 | 1.5.0 | 52.00 | 339.00 | 391.00 | OK | |
r-patched-linux-x86_64 | 1.5.0 | 50.88 | 395.07 | 445.95 | OK | |
r-release-linux-x86_64 | 1.5.0 | 49.48 | 403.09 | 452.57 | OK | |
r-release-macos-arm64 | 1.5.0 | 5.00 | ERROR | |||
r-release-macos-x86_64 | 1.5.0 | 6.00 | ERROR | |||
r-release-windows-x86_64 | 1.5.0 | 53.00 | 348.00 | 401.00 | OK | |
r-oldrel-macos-arm64 | 1.5.0 | 191.00 | OK | |||
r-oldrel-macos-x86_64 | 1.5.0 | 291.00 | OK | |||
r-oldrel-windows-x86_64 | 1.5.0 | 68.00 | 461.00 | 529.00 | OK |
Version: 1.5.0
Check: CRAN incoming feasibility
Result: NOTE
Maintainer: ‘Gabriele Sales <gabriele.sales@unipd.it>’
No Authors@R field in DESCRIPTION.
Please add one, modifying
Authors@R: c(person(given = "Sofia",
family = "Massa",
role = "aut"),
person(given = "Gabriele",
family = "Sales",
role = c("aut", "cre"),
email = "gabriele.sales@unipd.it"))
as necessary.
Flavors: r-devel-linux-x86_64-debian-clang, r-devel-linux-x86_64-debian-gcc
Version: 1.5.0
Check: package dependencies
Result: ERROR
Package required but not available: ‘qpgraph’
See section ‘The DESCRIPTION file’ in the ‘Writing R Extensions’
manual.
Flavors: r-release-macos-arm64, r-release-macos-x86_64