Last updated on 2025-05-14 02:50:29 CEST.
Flavor | Version | Tinstall | Tcheck | Ttotal | Status | Flags |
---|---|---|---|---|---|---|
r-devel-linux-x86_64-debian-clang | 1.0.1 | 191.19 | 475.28 | 666.47 | OK | |
r-devel-linux-x86_64-debian-gcc | 1.0.1 | 173.37 | 308.72 | 482.09 | OK | |
r-devel-linux-x86_64-fedora-clang | 1.0.1 | 1020.23 | OK | |||
r-devel-linux-x86_64-fedora-gcc | 1.0.1 | 1175.85 | OK | |||
r-devel-windows-x86_64 | 1.0.1 | 206.00 | 460.00 | 666.00 | OK | |
r-patched-linux-x86_64 | 1.0.1 | 221.24 | 448.27 | 669.51 | OK | |
r-release-linux-x86_64 | 1.0.1 | 227.42 | 444.61 | 672.03 | OK | |
r-release-macos-arm64 | 1.0.1 | 189.00 | OK | |||
r-release-macos-x86_64 | 1.0.1 | 368.00 | OK | |||
r-release-windows-x86_64 | 1.0.1 | 207.00 | 466.00 | 673.00 | OK | |
r-oldrel-macos-arm64 | 1.0.1 | 273.00 | NOTE | |||
r-oldrel-macos-x86_64 | 1.0.1 | 422.00 | NOTE | |||
r-oldrel-windows-x86_64 | 1.0.1 | 259.00 | 584.00 | 843.00 | NOTE |
Version: 1.0.1
Check: installed package size
Result: NOTE
installed size is 122.4Mb
sub-directories of 1Mb or more:
libs 120.7Mb
Flavors: r-oldrel-macos-arm64, r-oldrel-macos-x86_64, r-oldrel-windows-x86_64