Last updated on 2025-05-14 02:50:29 CEST.
Flavor | Version | Tinstall | Tcheck | Ttotal | Status | Flags |
---|---|---|---|---|---|---|
r-devel-linux-x86_64-debian-clang | 0.5.2 | 7.04 | 60.58 | 67.62 | NOTE | |
r-devel-linux-x86_64-debian-gcc | 0.5.2 | 4.82 | 42.47 | 47.29 | NOTE | |
r-devel-linux-x86_64-fedora-clang | 0.5.2 | 115.42 | NOTE | |||
r-devel-linux-x86_64-fedora-gcc | 0.5.2 | 105.53 | NOTE | |||
r-devel-windows-x86_64 | 0.5.2 | 9.00 | 77.00 | 86.00 | NOTE | |
r-patched-linux-x86_64 | 0.5.2 | 6.46 | 56.29 | 62.75 | NOTE | |
r-release-linux-x86_64 | 0.5.2 | 6.29 | 56.39 | 62.68 | NOTE | |
r-release-macos-arm64 | 0.5.2 | 28.00 | NOTE | |||
r-release-macos-x86_64 | 0.5.2 | 52.00 | NOTE | |||
r-release-windows-x86_64 | 0.5.2 | 9.00 | 79.00 | 88.00 | NOTE | |
r-oldrel-macos-arm64 | 0.5.2 | 31.00 | OK | |||
r-oldrel-macos-x86_64 | 0.5.2 | 47.00 | OK | |||
r-oldrel-windows-x86_64 | 0.5.2 | 11.00 | 94.00 | 105.00 | OK |
Version: 0.5.2
Check: DESCRIPTION meta-information
Result: NOTE
Missing dependency on R >= 4.1.0 because package code uses the pipe
|> or function shorthand \(...) syntax added in R 4.1.0.
File(s) using such syntax:
‘intersection_powerset.R’ ‘powerset_icounts.Rd’ ‘pr.R’ ‘pr.boot.Rd’
Flavors: r-devel-linux-x86_64-debian-clang, r-devel-linux-x86_64-debian-gcc, r-devel-linux-x86_64-fedora-clang, r-devel-linux-x86_64-fedora-gcc, r-devel-windows-x86_64, r-patched-linux-x86_64, r-release-linux-x86_64, r-release-macos-arm64, r-release-macos-x86_64, r-release-windows-x86_64