Last updated on 2025-05-14 02:50:29 CEST.
Flavor | Version | Tinstall | Tcheck | Ttotal | Status | Flags |
---|---|---|---|---|---|---|
r-devel-linux-x86_64-debian-clang | 0.1.5 | 1.71 | 46.75 | 48.46 | OK | |
r-devel-linux-x86_64-debian-gcc | 0.1.5 | 1.55 | 33.22 | 34.77 | OK | |
r-devel-linux-x86_64-fedora-clang | 0.1.5 | 72.60 | NOTE | |||
r-devel-linux-x86_64-fedora-gcc | 0.1.5 | 82.48 | NOTE | |||
r-devel-windows-x86_64 | 0.1.5 | 4.00 | 62.00 | 66.00 | OK | |
r-patched-linux-x86_64 | 0.1.5 | 2.02 | 45.66 | 47.68 | OK | |
r-release-linux-x86_64 | 0.1.5 | 1.95 | 45.51 | 47.46 | OK | |
r-release-macos-arm64 | 0.1.5 | 35.00 | OK | |||
r-release-macos-x86_64 | 0.1.5 | 70.00 | OK | |||
r-release-windows-x86_64 | 0.1.5 | 3.00 | 64.00 | 67.00 | OK | |
r-oldrel-macos-arm64 | 0.1.5 | 39.00 | OK | |||
r-oldrel-macos-x86_64 | 0.1.5 | 52.00 | OK | |||
r-oldrel-windows-x86_64 | 0.1.5 | 5.00 | 72.00 | 77.00 | OK |
Version: 0.1.5
Check: dependencies in R code
Result: NOTE
Namespace in Imports field not imported from: ‘tidyverse’
All declared Imports should be used.
Flavors: r-devel-linux-x86_64-fedora-clang, r-devel-linux-x86_64-fedora-gcc