Last updated on 2025-05-14 02:50:30 CEST.
Flavor | Version | Tinstall | Tcheck | Ttotal | Status | Flags |
---|---|---|---|---|---|---|
r-devel-linux-x86_64-debian-clang | 0.1.1 | 3.81 | 31.49 | 35.30 | OK | |
r-devel-linux-x86_64-debian-gcc | 0.1.3 | 2.70 | 38.33 | 41.03 | OK | |
r-devel-linux-x86_64-fedora-clang | 0.1.3 | 81.92 | OK | |||
r-devel-linux-x86_64-fedora-gcc | 0.1.3 | 93.20 | OK | |||
r-devel-windows-x86_64 | 0.1.2 | 10.00 | 58.00 | 68.00 | OK | |
r-patched-linux-x86_64 | 0.1.1 | 3.82 | 29.52 | 33.34 | OK | |
r-release-linux-x86_64 | 0.1.1 | 3.58 | 29.99 | 33.57 | OK | |
r-release-macos-arm64 | 0.1.3 | 58.00 | OK | |||
r-release-macos-x86_64 | 0.1.3 | 80.00 | OK | |||
r-release-windows-x86_64 | 0.1.3 | 7.00 | 58.00 | 65.00 | OK | |
r-oldrel-macos-arm64 | 0.1.3 | 55.00 | OK | |||
r-oldrel-macos-x86_64 | 0.1.3 | 95.00 | OK | |||
r-oldrel-windows-x86_64 | 0.1.1 | 6.00 | 63.00 | 69.00 | NOTE |
Version: 0.1.1
Check: LazyData
Result: NOTE
'LazyData' is specified without a 'data' directory
Flavor: r-oldrel-windows-x86_64