CRAN Package Check Results for Package weibullness

Last updated on 2025-05-14 02:50:30 CEST.

Flavor Version Tinstall Tcheck Ttotal Status Flags
r-devel-linux-x86_64-debian-clang 1.24.1 18.70 30.77 49.47 OK
r-devel-linux-x86_64-debian-gcc 1.24.1 17.30 24.06 41.36 OK
r-devel-linux-x86_64-fedora-clang 1.24.1 77.45 NOTE
r-devel-linux-x86_64-fedora-gcc 1.24.1 73.16 NOTE
r-devel-windows-x86_64 1.24.1 21.00 63.00 84.00 OK
r-patched-linux-x86_64 1.24.1 18.44 29.43 47.87 OK
r-release-linux-x86_64 1.24.1 18.10 29.52 47.62 OK
r-release-macos-arm64 1.24.1 34.00 OK
r-release-macos-x86_64 1.24.1 54.00 OK
r-release-windows-x86_64 1.24.1 20.00 70.00 90.00 OK
r-oldrel-macos-arm64 1.24.1 36.00 OK
r-oldrel-macos-x86_64 1.24.1 46.00 OK
r-oldrel-windows-x86_64 1.24.1 19.00 61.00 80.00 OK

Check Details

Version: 1.24.1
Check: dependencies in R code
Result: NOTE Namespace in Imports field not imported from: ‘methods’ All declared Imports should be used. Flavors: r-devel-linux-x86_64-fedora-clang, r-devel-linux-x86_64-fedora-gcc